e factors of 1299?
3, 433
List the prime factors of 95616.
2, 3, 83
What are the prime factors of 10548?
2, 3, 293
List the prime factors of 9561.
3, 3187
What are the prime factors of 10369?
10369
List the prime factors of 34055.
5, 7, 139
What are the prime factors of 147042?
2, 3, 7, 389
What are the prime factors of 102843?
3, 13, 293
What are the prime factors of 63?
3, 7
What are the prime factors of 1024?
2
List the prime factors of 314.
2, 157
List the prime factors of 15622.
2, 73, 107
List the prime factors of 1736.
2, 7, 31
List the prime factors of 1912.
2, 239
What are the prime factors of 122164?
2, 7, 4363
What are the prime factors of 1491?
3, 7, 71
List the prime factors of 17146.
2, 8573
List the prime factors of 2530.
2, 5, 11, 23
What are the prime factors of 3102?
2, 3, 11, 47
List the prime factors of 490.
2, 5, 7
List the prime factors of 13623.
3, 19, 239
What are the prime factors of 163?
163
List the prime factors of 18529.
7, 2647
List the prime factors of 1871.
1871
List the prime factors of 271.
271
What are the prime factors of 843?
3, 281
List the prime factors of 756.
2, 3, 7
List the prime factors of 3046.
2, 1523
What are the prime factors of 21664?
2, 677
What are the prime factors of 615?
3, 5, 41
What are the prime factors of 13265?
5, 7, 379
What are the prime factors of 1540?
2, 5, 7, 11
List the prime factors of 6925.
5, 277
What are the prime factors of 13845?
3, 5, 13, 71
What are the prime factors of 539?
7, 11
What are the prime factors of 19802?
2, 9901
What are the prime factors of 20472?
2, 3, 853
List the prime factors of 7862.
2, 3931
What are the prime factors of 6990?
2, 3, 5, 233
List the prime factors of 3334.
2, 1667
What are the prime factors of 21018?
2, 3, 31, 113
What are the prime factors of 20644?
2, 13, 397
List the prime factors of 522.
2, 3, 29
What are the prime factors of 327?
3, 109
What are the prime factors of 1476?
2, 3, 41
What are the prime factors of 74460?
2, 3, 5, 17, 73
What are the prime factors of 38929?
11, 3539
What are the prime factors of 37334?
2, 11, 1697
What are the prime factors of 722?
2, 19
What are the prime factors of 448?
2, 7
List the prime factors of 2182.
2, 1091
List the prime factors of 10540.
2, 5, 17, 31
List the prime factors of 8.
2
List the prime factors of 14379.
3, 4793
List the prime factors of 93032.
2, 29, 401
List the prime factors of 41075.
5, 31, 53
What are the prime factors of 297?
3, 11
List the prime factors of 1116.
2, 3, 31
What are the prime factors of 5458?
2, 2729
What are the prime factors of 29222?
2, 19, 769
List the prime factors of 58974.
2, 3, 9829
What are the prime factors of 7?
7
What are the prime factors of 1553?
1553
What are the prime factors of 2351?
2351
What are the prime factors of 116824?
2, 17, 859
What are the prime factors of 362?
2, 181
What are the prime factors of 2851?
2851
What are the prime factors of 511?
7, 73
List the prime factors of 5019.
3, 7, 239
What are the prime factors of 15625?
5
What are the prime factors of 1549?
1549
List the prime factors of 22320.
2, 3, 5, 31
What are the prime factors of 8531?
19, 449
List the prime factors of 12736.
2, 199
List the prime factors of 5386.
2, 2693
What are the prime factors of 1891?
31, 61
List the prime factors of 29211.
3, 7, 13, 107
What are the prime factors of 28095?
3, 5, 1873
What are the prime factors of 4123?
7, 19, 31
What are the prime factors of 101?
101
List the prime factors of 227.
227
What are the prime factors of 19165?
5, 3833
List the prime factors of 2067.
3, 13, 53
What are the prime factors of 431?
431
What are the prime factors of 45800?
2, 5, 229
List the prime factors of 55393.
13, 4261
What are the prime factors of 1285?
5, 257
What are the prime factors of 46666?
2, 23333
List the prime factors of 1576.
2, 197
List the prime factors of 10503.
3, 389
List the prime factors of 13708.
2, 23, 149
List the prime factors of 794.
2, 397
What are the prime factors of 275?
5, 11
What are the prime factors of 11316?
2, 3, 23, 41
List the prime factors of 214.
2, 107
What are the prime factors of 21173?
31, 683
What are the prime factors of 115?
5, 23
What are the prime factors of 21315?
3, 5, 7, 29
List the prime factors of 2473.
2473
List the prime factors of 16671.
3, 5557
What are the prime factors of 1790?
2, 5, 179
List the prime factors of 670.
2, 5, 67
What are the prime factors of 46367?
199, 233
What are the prime factors of 37976?
2, 47, 101
What are the prime factors of 20162?
2, 17, 593
What are the prime factors of 10125?
3, 5
What are the prime factors of 1487?
1487
List the prime factors of 1325.
5, 53
List the prime factors of 73.
73
What are the prime factors of 50?
2, 5
What are the prime factors of 557?
557
What are the prime factors of 7510?
2, 5, 751
List the prime factors of 72.
2, 3
What are the prime factors of 4497?
3, 1499
List the prime factors of 181.
181
What are the prime factors of 1821?
3, 607
List the prime factors of 108254.
2, 113, 479
List the prime factors of 31740.
2, 3, 5, 23
List the prime factors of 129241.
7, 37, 499
List the prime factors of 7441.
7, 1063
List the prime factors of 1122.
2, 3, 11, 17
List the prime factors of 7544.
2, 23, 41
List the prime factors of 2298.
2, 3, 383
List the prime factors of 69738.
2, 3, 59, 197
What are the prime factors of 33647?
33647
List the prime factors of 5299.
7, 757
What are the prime factors of 59467?
59467
List the prime factors of 7694.
2, 3847
What are the prime factors of 916?
2, 229
List the prime factors of 460.
2, 5, 23
List the prime factors of 34233.
3, 11411
List the prime factors of 38369.
17, 37, 61
What are the prime factors of 45696?
2, 3, 7, 17
What are the prime factors of 5858?
2, 29, 101
List the prime factors of 368.
2, 23
List the prime factors of 8807.
8807
What are the prime factors of 8153?
31, 263
List the prime factors of 2592.
2, 3
What are the prime factors of 885?
3, 5, 59
What are the prime factors of 60381?
3, 6709
List the prime factors of 94027.
17, 5531
List the prime factors of 2636.
2, 659
List the prime factors of 1201.
1201
List the prime factors of 32240.
2, 5, 13, 31
What are the prime factors of 4881?
3, 1627
What are the prime factors of 116242?
2, 7, 19, 23
List the prime factors of 157993.
11, 53, 271
What are the prime factors of 56566?
2, 28283
What are the prime factors of 422?
2, 211
List the prime factors of 3080.
2, 5, 7, 11
List the prime factors of 3627.
3, 13, 31
What are the prime factors of 4818?
2, 3, 11, 73
List the prime factors of 4060.
2, 5, 7, 29
List the prime factors of 2093.
7, 13, 23
What are the prime factors of 32617?
13, 193
What are the prime factors of 2845?
5, 569
What are the prime factors of 12161?
12161
What are the prime factors of 9470?
2, 5, 947
List the prime factors of 1263.
3, 421
What are the prime factors of 3289?
11, 13, 23
List the prime factors of 26706.
2, 3, 4451
List the prime factors of 92611.
37, 2503
What are the prime factors of 1185?
3, 5, 79
List the prime factors of 214.
2, 107
List the prime factors of 4178.
2, 2089
List the prime factors of 155345.
5, 31069
List the prime factors of 8519.
7, 1217
List the prime factors of 80964.
2, 3, 13, 173
What are the prime factors of 46479?
3, 15493
What are the prime factors of 10363?
43, 241
List the prime factors of 67644.
2, 3, 1879
List the prime factors of 11277.
3, 7, 179
List the prime factors of 76669.
43, 1783
What are the prime factors of 1133?
11, 103
List the prime factors of 23599.
23599
List the prime factors of 1775.
5, 71
List the prime factors of 3584.
2, 7
What are the prime factors of 15447?
3, 19, 271
What are the prime factors of 47292?
2, 3, 7, 563
What are the prime factors of 930?
2, 3, 5, 31
What are the prime factors of 1307?
1307
What are the prime factors of 1581?
3, 17, 31
What are the prime factors of 88457?
53, 1669
List the prime factors of 3698.
2, 43
List the prime factors of 323.
17, 19
List the prime factors of 40.
2, 5
List the prime factors of 453.
3, 151
What are the prime factors of 63195?
3, 5, 11, 383
What are the prime factors of 139?
139
What are the prime factors of 1678?
2, 839
What are the prime factors of 36048?
2, 3, 751
What are the prime factors of 199927?
7, 1